s digit of 13125108?
1
What is the hundred thousands digit of 586866?
5
What is the units digit of 65267?
7
What is the thousands digit of 3439986?
9
What is the hundred thousands digit of 15623249?
6
What is the units digit of 32109?
9
What is the hundred thousands digit of 126239?
1
What is the thousands digit of 294366?
4
What is the units digit of 429698?
8
What is the tens digit of 525362?
6
What is the hundreds digit of 101025?
0
What is the ten thousands digit of 412069?
1
What is the hundred thousands digit of 29771243?
7
What is the thousands digit of 1991021?
1
What is the thousands digit of 1750101?
0
What is the ten thousands digit of 993350?
9
What is the ten thousands digit of 142264?
4
What is the units digit of 48030?
0
What is the hundreds digit of 16645626?
6
What is the units digit of 1387478?
8
What is the hundreds digit of 604584?
5
What is the units digit of 23780706?
6
What is the units digit of 30911?
1
What is the ten thousands digit of 5418912?
1
What is the millions digit of 2478057?
2
What is the thousands digit of 9151022?
1
What is the millions digit of 2691362?
2
What is the hundreds digit of 23386569?
5
What is the units digit of 4226921?
1
What is the thousands digit of 6030220?
0
What is the tens digit of 10884356?
5
What is the hundred thousands digit of 1039411?
0
What is the ten thousands digit of 11912881?
1
What is the units digit of 322689?
9
What is the hundreds digit of 1879404?
4
What is the units digit of 338266?
6
What is the ten thousands digit of 1129528?
2
What is the units digit of 443114?
4
What is the ten thousands digit of 1604717?
0
What is the hundreds digit of 102660?
6
What is the units digit of 5146866?
6
What is the hundreds digit of 2913265?
2
What is the hundreds digit of 103125?
1
What is the ten thousands digit of 1965968?
6
What is the thousands digit of 1783100?
3
What is the hundred thousands digit of 1784339?
7
What is the ten thousands digit of 38605?
3
What is the units digit of 175703?
3
What is the units digit of 234434?
4
What is the ten millions digit of 15587413?
1
What is the hundred thousands digit of 2368684?
3
What is the hundreds digit of 19237755?
7
What is the tens digit of 58016?
1
What is the thousands digit of 3073708?
3
What is the hundreds digit of 403462?
4
What is the hundreds digit of 131969?
9
What is the ten thousands digit of 1232664?
3
What is the tens digit of 297946?
4
What is the thousands digit of 253020?
3
What is the thousands digit of 8018?
8
What is the hundred thousands digit of 23388331?
3
What is the tens digit of 10299106?
0
What is the units digit of 843038?
8
What is the hundreds digit of 298029?
0
What is the hundred thousands digit of 537928?
5
What is the hundreds digit of 4066454?
4
What is the tens digit of 2829766?
6
What is the thousands digit of 1570456?
0
What is the hundreds digit of 294774?
7
What is the hundreds digit of 1212?
2
What is the hundreds digit of 600101?
1
What is the tens digit of 176086?
8
What is the units digit of 4443468?
8
What is the ten thousands digit of 1311937?
1
What is the ten thousands digit of 1471285?
7
What is the hundreds digit of 85782?
7
What is the hundred thousands digit of 407689?
4
What is the thousands digit of 8164341?
4
What is the hundred thousands digit of 356406?
3
What is the units digit of 10969638?
8
What is the units digit of 34867?
7
What is the thousands digit of 239329?
9
What is the thousands digit of 1645428?
5
What is the ten thousands digit of 565222?
6
What is the units digit of 8864?
4
What is the thousands digit of 4914856?
4
What is the hundreds digit of 143082?
0
What is the hundreds digit of 6667703?
7
What is the ten thousands digit of 152215?
5
What is the ten thousands digit of 8520955?
2
What is the hundred thousands digit of 11562735?
5
What is the ten thousands digit of 13188922?
8
What is the units digit of 1778739?
9
What is the ten thousands digit of 355598?
5
What is the ten thousands digit of 3751685?
5
What is the tens digit of 247405?
0
What is the units digit of 8219790?
0
What is the hundreds digit of 2145586?
5
What is the units digit of 1492622?
2
What is the tens digit of 626324?
2
What is the hundred thousands digit of 1102006?
1
What is the hundreds digit of 6228?
2
What is the units digit of 1124419?
9
What is the thousands digit of 13498288?
8
What is the millions digit of 1156443?
1
What is the thousands digit of 624514?
4
What is the thousands digit of 22381577?
1
What is the hundreds digit of 991290?
2
What is the ten millions digit of 19020280?
1
What is the ten thousands digit of 7081639?
8
What is the thousands digit of 19906259?
6
What is the ten thousands digit of 142529?
4
What is the units digit of 14165828?
8
What is the hundreds digit of 321179?
1
What is the thousands digit of 224492?
4
What is the hundreds digit of 232953?
9
What is the hundred thousands digit of 396783?
3
What is the thousands digit of 9394?
9
What is the thousands digit of 101081?
1
What is the hundreds digit of 151587?
5
What is the ten thousands digit of 348626?
4
What is the thousands digit of 245329?
5
What is the tens digit of 128290?
9
What is the thousands digit of 15704858?
4
What is the millions digit of 1084259?
1
What is the tens digit of 95336?
3
What is the units digit of 399127?
7
What is the hundred thousands digit of 5748925?
7
What is the ten thousands digit of 1182996?
8
What is the thousands digit of 1464421?
4
What is the ten thousands digit of 3532322?
3
What is the hundreds digit of 59159?
1
What is the thousands digit of 220784?
0
What is the tens digit of 1471825?
2
What is the tens digit of 875398?
9
What is the hundreds digit of 5239808?
8
What is the hundreds digit of 3659403?
4
What is the millions digit of 8100832?
8
What is the tens digit of 60464?
6
What is the tens digit of 1649348?
4
What is the millions digit of 6584716?
6
What is the hundred thousands digit of 308710?
3
What is the tens digit of 989727?
2
What is the millions digit of 12258560?
2
What is the hundreds digit of 557904?
9
What is the tens digit of 42336?
3
What is the thousands digit of 571710?
1
What is the units digit of 4718841?
1
What is the hundred thousands digit of 887170?
8
What is the hundred thousands digit of 25829953?
8
What is the thousands digit of 416172?
6
What is the units digit of 1638165?
5
What is the units digit of 49538?
8
What is the thousands digit of 317129?
7
What is the hundreds digit of 668054?
0
What is the tens digit of 54443?
4
What is the ten thousands digit of 592809?
9
What is the thousands digit of 1066764?
6
What is the tens digit of 8169155?
5
What is the hundred thousands digit of 376123?
3
What is the tens digit of 514450?
5
What is the ten thousands digit of 50813?
5
What is the ten thousands digit of 1807097?
0
What is the ten thousands digit of 8741307?
4
What is the hundred thousands digit of 482764?
4
What is the ten thousands digit of 1510006?
1
What is the hundreds digit of 2151794?
7
What is the hundreds digit of 4986262?
2
What is the hundred thousands digit of 39772474?
7
What is the units digit of 746970?
0
What is the tens digit of 2236128?
2
What is the hundred thousands digit of 139901?
1
What is the hundreds digit of 283318?
3
What is the hundreds digit of 1620988?
9
What is the units digit of 14128?
8
What is the units digit of 72922?
2
What is the ten millions digit of 25997803?
2
What is the hundred thousands digit of 290218?
2
What is the millions digit of 2183791?
2
What is the units digit of 16973748?
8
What is the units digit of 22501877?
7
What is the hundreds digit of 9512031?
0
What is the hundreds digit of 24472627?
6
What is the millions digit of 1306197?
1
What is the hundreds digit of 26395708?
7
What is the hundreds digit of 13074566?
5
What is the hundreds digit of 756819?
8
What is the hundred thousands digit of 2847587?
8
What is the tens digit of 9349239?
3
What is the millions digit of 5060712?
5
What is the ten thousands digit of 6391208?
9
What is the millions digit of 1130643?
1
What is the thousands digit of 221041?
1
What is the thousands digit of 2020956?
0
What is the millions digit of 4747663?
4
What is the hundreds digit of 491435?
4
What is the ten thousands digit of 1037662?
3
Wh